{"id":87,"date":"2025-04-15T05:29:28","date_gmt":"2025-04-15T03:29:28","guid":{"rendered":"https:\/\/residencenosylonjo-diegosuarez.com\/?page_id=87"},"modified":"2025-04-15T06:44:08","modified_gmt":"2025-04-15T04:44:08","slug":"pourquoi-investir-dans-la-residence-nosylonjo","status":"publish","type":"page","link":"https:\/\/residencenosylonjo-diegosuarez.com\/index.php\/pourquoi-investir-dans-la-residence-nosylonjo\/","title":{"rendered":"Pourquoi investir dans la r\u00e9sidence Nosy Lonjo ?"},"content":{"rendered":"\n<h2 class=\"wp-block-heading\"><strong>Une destination d\u2019avenir au nord de Madagascar<\/strong><\/h2>\n\n\n\n<figure class=\"wp-block-video\"><video height=\"1080\" style=\"aspect-ratio: 1920 \/ 1080;\" width=\"1920\" controls src=\"https:\/\/residencenosylonjo-diegosuarez.com\/wp-content\/uploads\/2025\/04\/Untitled-design-1.mp4\"><\/video><\/figure>\n\n\n\n<p>Situ\u00e9e \u00e0 la pointe nord de Madagascar, <strong>Diego-Suarez (Antsiranana)<\/strong> est en train de s\u2019imposer comme <strong>l\u2019une des prochaines grandes destinations touristiques de l\u2019Oc\u00e9an Indien<\/strong>. Avec sa nature pr\u00e9serv\u00e9e, son ensoleillement permanent, sa baie mythique, et son atmosph\u00e8re paisible, la r\u00e9gion attire une client\u00e8le \u00e0 la recherche d\u2019authenticit\u00e9, de tranquillit\u00e9 et de standing. Encore \u00e9pargn\u00e9e par le tourisme de masse, elle offre un <strong>fort potentiel de valorisation \u00e0 moyen et long terme<\/strong>.<\/p>\n\n\n\n<hr class=\"wp-block-separator has-alpha-channel-opacity\"\/>\n\n\n\n<h3 class=\"wp-block-heading\"><strong>Une offre touristique encore sous-exploit\u00e9e<\/strong><\/h3>\n\n\n\n<ul class=\"wp-block-list\">\n<li>La r\u00e9gion d\u2019Antsiranana compte <strong>164 \u00e9tablissements touristiques<\/strong> pour environ <strong>1 720 chambres<\/strong> (source : Banque Mondiale).<\/li>\n\n\n\n<li>Cependant, <strong>seulement 14 \u00e9tablissements dits \u201cde luxe\u201d<\/strong> sont recens\u00e9s sur TripAdvisor, dont <strong>5 seulement<\/strong> r\u00e9pondent r\u00e9ellement aux standards internationaux (Grand H\u00f4tel, Alamanda, Nature Lodge, etc.).<\/li>\n\n\n\n<li><strong>Aucune villa de standing<\/strong> n\u2019est aujourd\u2019hui propos\u00e9e \u00e0 la location ou \u00e0 la vente dans la r\u00e9gion.<\/li>\n<\/ul>\n\n\n\n<p>\ud83d\udc49 Cela cr\u00e9e <strong>une v\u00e9ritable opportunit\u00e9 pour les investisseurs<\/strong> souhaitant se positionner sur le cr\u00e9neau du <strong>tourisme haut de gamme, durable et s\u00e9curis\u00e9<\/strong>.<\/p>\n\n\n\n<hr class=\"wp-block-separator has-alpha-channel-opacity\"\/>\n\n\n\n<h3 class=\"wp-block-heading\"><strong>Un march\u00e9 en croissance<\/strong><\/h3>\n\n\n\n<ul class=\"wp-block-list\">\n<li>Madagascar a accueilli <strong>400 000 touristes en 2019<\/strong>. La r\u00e9gion de Diego attire de plus en plus, port\u00e9e par son climat agr\u00e9able toute l\u2019ann\u00e9e et sa richesse naturelle.<\/li>\n\n\n\n<li>Des projets d\u2019am\u00e9lioration des infrastructures (routes, a\u00e9roport, fibre optique) sont en cours ou planifi\u00e9s, facilitant l\u2019acc\u00e8s et la connexion.<\/li>\n\n\n\n<li>Le <strong>tourisme durable<\/strong> est en plein essor, avec une demande croissante pour des \u00e9colodges, r\u00e9sidences priv\u00e9es et lieux de s\u00e9jour int\u00e9gr\u00e9s \u00e0 la nature.<\/li>\n<\/ul>\n\n\n\n<hr class=\"wp-block-separator has-alpha-channel-opacity\"\/>\n\n\n\n<h3 class=\"wp-block-heading\"><strong>Des conditions favorables \u00e0 l\u2019investissement<\/strong><\/h3>\n\n\n\n<ul class=\"wp-block-list\">\n<li><strong>Co\u00fbt d\u2019acquisition encore tr\u00e8s attractif<\/strong> par rapport aux autres destinations de l\u2019Oc\u00e9an Indien (La R\u00e9union, Maurice, Seychelles).<\/li>\n\n\n\n<li>Climat social et environnemental stable \u00e0 Diego, population accueillante, et forte empreinte culturelle fran\u00e7aise.<\/li>\n\n\n\n<li><strong>Acc\u00e8s facilit\u00e9<\/strong> : Diego est reli\u00e9e \u00e0 Antananarivo en moins de 2h de vol et \u00e0 La R\u00e9union ou Mayotte en 1h30 (vols directs).<\/li>\n\n\n\n<li>Disponibilit\u00e9 de services essentiels : banques, h\u00f4pitaux, pharmacies, \u00e9tablissements scolaires et m\u00e9dicaux agr\u00e9\u00e9s par la S\u00e9curit\u00e9 sociale fran\u00e7aise.<\/li>\n<\/ul>\n\n\n\n<hr class=\"wp-block-separator has-alpha-channel-opacity\"\/>\n\n\n\n<h3 class=\"wp-block-heading\"><strong>Une valeur s\u00fbre pour un investissement rentable et durable<\/strong><\/h3>\n\n\n\n<p>Le <strong>Domaine de Nosy Lonjo<\/strong>, adoss\u00e9 \u00e0 la Montagne des Fran\u00e7ais et offrant une vue imprenable sur la baie, s\u2019inscrit dans cette vision.<br>Avec ses <strong>20 parcelles dans un jardin tropical s\u00e9curis\u00e9<\/strong>, ses <strong>villas aux normes europ\u00e9ennes<\/strong>, et ses <strong>services int\u00e9gr\u00e9s<\/strong>, il repr\u00e9sente une <strong>opportunit\u00e9 rare d\u2019investissement<\/strong> dans un secteur porteur, \u00e0 forte plus-value.<\/p>\n\n\n\n<p><strong>Investir \u00e0 Diego aujourd\u2019hui, c\u2019est anticiper la croissance de demain.<\/strong><\/p>\n","protected":false},"excerpt":{"rendered":"<p>Une destination d\u2019avenir au nord de Madagascar Situ\u00e9e \u00e0 la pointe nord de Madagascar, Diego-Suarez (Antsiranana) est en train de s\u2019imposer comme l\u2019une des prochaines grandes destinations touristiques de l\u2019Oc\u00e9an Indien. Avec sa nature pr\u00e9serv\u00e9e, son ensoleillement permanent, sa baie mythique, et son atmosph\u00e8re paisible, la r\u00e9gion attire une client\u00e8le \u00e0 la recherche d\u2019authenticit\u00e9, de [&hellip;]<\/p>\n","protected":false},"author":1,"featured_media":0,"parent":0,"menu_order":0,"comment_status":"closed","ping_status":"closed","template":"","meta":{"footnotes":""},"class_list":["post-87","page","type-page","status-publish","hentry"],"_links":{"self":[{"href":"https:\/\/residencenosylonjo-diegosuarez.com\/index.php\/wp-json\/wp\/v2\/pages\/87","targetHints":{"allow":["GET"]}}],"collection":[{"href":"https:\/\/residencenosylonjo-diegosuarez.com\/index.php\/wp-json\/wp\/v2\/pages"}],"about":[{"href":"https:\/\/residencenosylonjo-diegosuarez.com\/index.php\/wp-json\/wp\/v2\/types\/page"}],"author":[{"embeddable":true,"href":"https:\/\/residencenosylonjo-diegosuarez.com\/index.php\/wp-json\/wp\/v2\/users\/1"}],"replies":[{"embeddable":true,"href":"https:\/\/residencenosylonjo-diegosuarez.com\/index.php\/wp-json\/wp\/v2\/comments?post=87"}],"version-history":[{"count":4,"href":"https:\/\/residencenosylonjo-diegosuarez.com\/index.php\/wp-json\/wp\/v2\/pages\/87\/revisions"}],"predecessor-version":[{"id":102,"href":"https:\/\/residencenosylonjo-diegosuarez.com\/index.php\/wp-json\/wp\/v2\/pages\/87\/revisions\/102"}],"wp:attachment":[{"href":"https:\/\/residencenosylonjo-diegosuarez.com\/index.php\/wp-json\/wp\/v2\/media?parent=87"}],"curies":[{"name":"wp","href":"https:\/\/api.w.org\/{rel}","templated":true}]}}