{"id":15,"date":"2025-04-07T16:02:24","date_gmt":"2025-04-07T14:02:24","guid":{"rendered":"https:\/\/residencenosylonjo-diegosuarez.com\/index.php\/featured-property\/"},"modified":"2025-04-15T05:20:36","modified_gmt":"2025-04-15T03:20:36","slug":"featured-property","status":"publish","type":"page","link":"https:\/\/residencenosylonjo-diegosuarez.com\/index.php\/featured-property\/","title":{"rendered":"Diego-Suarez: la destination montante du nord de Madagascar"},"content":{"rendered":"\n<p>Situ\u00e9e \u00e0 la pointe nord de Madagascar, <strong>Diego-Suarez (Antsiranana)<\/strong> est abrit\u00e9e dans l\u2019une des plus belles baies du monde. Cette ville \u00e0 l\u2019histoire riche, marqu\u00e9e par une forte pr\u00e9sence fran\u00e7aise, s\u00e9duit par son <strong>climat agr\u00e9able et ensoleill\u00e9 toute l\u2019ann\u00e9e<\/strong>, adouci par la brise marine.<\/p>\n\n\n\n<figure class=\"wp-block-gallery has-nested-images columns-default is-cropped wp-block-gallery-1 is-layout-flex wp-block-gallery-is-layout-flex\">\n<figure class=\"wp-block-image size-large\"><img fetchpriority=\"high\" decoding=\"async\" width=\"1024\" height=\"576\" data-id=\"59\" src=\"https:\/\/residencenosylonjo-diegosuarez.com\/wp-content\/uploads\/2025\/04\/Untitled-design-1-1024x576.jpg\" alt=\"\" class=\"wp-image-59\" srcset=\"https:\/\/residencenosylonjo-diegosuarez.com\/wp-content\/uploads\/2025\/04\/Untitled-design-1-1024x576.jpg 1024w, https:\/\/residencenosylonjo-diegosuarez.com\/wp-content\/uploads\/2025\/04\/Untitled-design-1-300x169.jpg 300w, https:\/\/residencenosylonjo-diegosuarez.com\/wp-content\/uploads\/2025\/04\/Untitled-design-1-768x432.jpg 768w, https:\/\/residencenosylonjo-diegosuarez.com\/wp-content\/uploads\/2025\/04\/Untitled-design-1-1536x864.jpg 1536w, https:\/\/residencenosylonjo-diegosuarez.com\/wp-content\/uploads\/2025\/04\/Untitled-design-1.jpg 1920w\" sizes=\"(max-width: 1024px) 100vw, 1024px\" \/><\/figure>\n\n\n\n<figure class=\"wp-block-image size-large\"><img decoding=\"async\" width=\"886\" height=\"664\" data-id=\"32\" src=\"https:\/\/residencenosylonjo-diegosuarez.com\/wp-content\/uploads\/2025\/04\/WhatsApp-Image-2025-04-13-a-22.45.32_95f6ef5a.jpg\" alt=\"\" class=\"wp-image-32\" srcset=\"https:\/\/residencenosylonjo-diegosuarez.com\/wp-content\/uploads\/2025\/04\/WhatsApp-Image-2025-04-13-a-22.45.32_95f6ef5a.jpg 886w, https:\/\/residencenosylonjo-diegosuarez.com\/wp-content\/uploads\/2025\/04\/WhatsApp-Image-2025-04-13-a-22.45.32_95f6ef5a-300x225.jpg 300w, https:\/\/residencenosylonjo-diegosuarez.com\/wp-content\/uploads\/2025\/04\/WhatsApp-Image-2025-04-13-a-22.45.32_95f6ef5a-768x576.jpg 768w\" sizes=\"(max-width: 886px) 100vw, 886px\" \/><\/figure>\n\n\n\n<figure class=\"wp-block-image size-large\"><img decoding=\"async\" width=\"787\" height=\"602\" data-id=\"34\" src=\"https:\/\/residencenosylonjo-diegosuarez.com\/wp-content\/uploads\/2025\/04\/WhatsApp-Image-2025-04-13-a-22.45.45_6084c818.jpg\" alt=\"\" class=\"wp-image-34\" srcset=\"https:\/\/residencenosylonjo-diegosuarez.com\/wp-content\/uploads\/2025\/04\/WhatsApp-Image-2025-04-13-a-22.45.45_6084c818.jpg 787w, https:\/\/residencenosylonjo-diegosuarez.com\/wp-content\/uploads\/2025\/04\/WhatsApp-Image-2025-04-13-a-22.45.45_6084c818-300x229.jpg 300w, https:\/\/residencenosylonjo-diegosuarez.com\/wp-content\/uploads\/2025\/04\/WhatsApp-Image-2025-04-13-a-22.45.45_6084c818-768x587.jpg 768w\" sizes=\"(max-width: 787px) 100vw, 787px\" \/><\/figure>\n\n\n\n<figure class=\"wp-block-image size-large\"><img loading=\"lazy\" decoding=\"async\" width=\"1024\" height=\"753\" data-id=\"38\" src=\"https:\/\/residencenosylonjo-diegosuarez.com\/wp-content\/uploads\/2025\/04\/WhatsApp-Image-2025-04-13-a-22.45.49_a0c78bab-1024x753.jpg\" alt=\"\" class=\"wp-image-38\" srcset=\"https:\/\/residencenosylonjo-diegosuarez.com\/wp-content\/uploads\/2025\/04\/WhatsApp-Image-2025-04-13-a-22.45.49_a0c78bab-1024x753.jpg 1024w, https:\/\/residencenosylonjo-diegosuarez.com\/wp-content\/uploads\/2025\/04\/WhatsApp-Image-2025-04-13-a-22.45.49_a0c78bab-300x221.jpg 300w, https:\/\/residencenosylonjo-diegosuarez.com\/wp-content\/uploads\/2025\/04\/WhatsApp-Image-2025-04-13-a-22.45.49_a0c78bab-768x564.jpg 768w, https:\/\/residencenosylonjo-diegosuarez.com\/wp-content\/uploads\/2025\/04\/WhatsApp-Image-2025-04-13-a-22.45.49_a0c78bab-1536x1129.jpg 1536w, https:\/\/residencenosylonjo-diegosuarez.com\/wp-content\/uploads\/2025\/04\/WhatsApp-Image-2025-04-13-a-22.45.49_a0c78bab.jpg 1600w\" sizes=\"(max-width: 1024px) 100vw, 1024px\" \/><\/figure>\n<\/figure>\n\n\n\n<hr class=\"wp-block-separator has-alpha-channel-opacity\"\/>\n\n\n\n<p>Desservie par un a\u00e9roport international, <strong>Diego-Suarez est reli\u00e9e \u00e0 Antananarivo en moins de 2 heures<\/strong> par vol r\u00e9gulier, et se trouve \u00e0 seulement <strong>1h30 de La R\u00e9union et de Mayotte<\/strong> en vol direct. Sur place, vous trouverez tous les services essentiels : <strong>banques, commerces, restaurants, cabinets m\u00e9dicaux et pharmacies<\/strong> (avec <strong>soins rembours\u00e9s par la S\u00e9curit\u00e9 sociale fran\u00e7aise<\/strong>).<\/p>\n\n\n\n<hr class=\"wp-block-separator has-alpha-channel-opacity\"\/>\n\n\n\n<h3 class=\"wp-block-heading\"><strong>Un environnement naturel d\u2019exception<\/strong><\/h3>\n\n\n\n<p>La r\u00e9gion de Diego regorge de <strong>sites naturels et culturels d\u2019exception<\/strong> qui font sa renomm\u00e9e :<\/p>\n\n\n\n<ul class=\"wp-block-list\">\n<li>La mythique <strong>Montagne d\u2019Ambre<\/strong>,<\/li>\n\n\n\n<li>Le site historique de <strong>Libertalia<\/strong>,<\/li>\n\n\n\n<li>Des plages paradisiaques et <strong>spots de kitesurf<\/strong> mondialement r\u00e9put\u00e9s,<\/li>\n\n\n\n<li>Sans oublier <strong>la mer d\u2019\u00e9meraude<\/strong> et le <strong>Pain de Sucre<\/strong>, embl\u00e8mes de la Baie de Diego-Suarez.<\/li>\n<\/ul>\n\n\n\n<p>Mais surtout c\u2019est la baie, son pain de sucre et sa mer d\u2019\u00e9meraude qui conf\u00e8rent sa magie \u00e0 cet endroit unique. Au c\u0153ur de cet \u00e9crin, \u00e0 7kms de Di\u00e9go Suarez, le Domaine r\u00e9sidentiel de Nosy Lonjo vous offre une situation exceptionnelle, \u00e0 deux pas de la mag- nifique plage de Ramena, qui tire son nom du petit village de p\u00eacheurs o\u00f9 vous pourrez aller acheter votre poisson, tout frais d\u00e9barqu\u00e9 des pirogues. Vous d\u00e9couvrirez ainsi l\u2019accueil chaleureux et la gentillesse des malgaches.<\/p>\n\n\n\n<div class=\"wp-block-group alignfull has-text-color has-background\" style=\"color:#000000;background-color:#ffffff\"><div class=\"wp-block-group__inner-container is-layout-flow wp-block-group-is-layout-flow\">\n<div style=\"height:64px\" aria-hidden=\"true\" class=\"wp-block-spacer\"><\/div>\n\n\n\n<p class=\"has-text-align-center has-small-font-size\" style=\"line-height:.9\">Pour en savoir plus!<\/p>\n\n\n\n<h2 class=\"wp-block-heading has-text-align-center\" id=\"schedule-a-visit\" style=\"font-size:59px;line-height:1.15\"><strong>Prenez rendez-vous<\/strong><\/h2>\n\n\n\n<div class=\"wp-block-buttons is-horizontal is-content-justification-center is-layout-flex wp-container-core-buttons-is-layout-499968f5 wp-block-buttons-is-layout-flex\">\n<div class=\"wp-block-button has-custom-width wp-block-button__width-50\"><a class=\"wp-block-button__link has-text-color has-background wp-element-button\" style=\"border-radius:50px;color:#ffffff;background-color:#000000\">Contactez_nous<\/a><\/div>\n<\/div>\n\n\n\n<div style=\"height:64px\" aria-hidden=\"true\" class=\"wp-block-spacer\"><\/div>\n<\/div><\/div>\n","protected":false},"excerpt":{"rendered":"<p>Situ\u00e9e \u00e0 la pointe nord de Madagascar, Diego-Suarez (Antsiranana) est abrit\u00e9e dans l\u2019une des plus belles baies du monde. Cette ville \u00e0 l\u2019histoire riche, marqu\u00e9e par une forte pr\u00e9sence fran\u00e7aise, s\u00e9duit par son climat agr\u00e9able et ensoleill\u00e9 toute l\u2019ann\u00e9e, adouci par la brise marine. Desservie par un a\u00e9roport international, Diego-Suarez est reli\u00e9e \u00e0 Antananarivo en [&hellip;]<\/p>\n","protected":false},"author":1,"featured_media":32,"parent":0,"menu_order":0,"comment_status":"closed","ping_status":"closed","template":"","meta":{"footnotes":""},"class_list":["post-15","page","type-page","status-publish","has-post-thumbnail","hentry"],"_links":{"self":[{"href":"https:\/\/residencenosylonjo-diegosuarez.com\/index.php\/wp-json\/wp\/v2\/pages\/15","targetHints":{"allow":["GET"]}}],"collection":[{"href":"https:\/\/residencenosylonjo-diegosuarez.com\/index.php\/wp-json\/wp\/v2\/pages"}],"about":[{"href":"https:\/\/residencenosylonjo-diegosuarez.com\/index.php\/wp-json\/wp\/v2\/types\/page"}],"author":[{"embeddable":true,"href":"https:\/\/residencenosylonjo-diegosuarez.com\/index.php\/wp-json\/wp\/v2\/users\/1"}],"replies":[{"embeddable":true,"href":"https:\/\/residencenosylonjo-diegosuarez.com\/index.php\/wp-json\/wp\/v2\/comments?post=15"}],"version-history":[{"count":7,"href":"https:\/\/residencenosylonjo-diegosuarez.com\/index.php\/wp-json\/wp\/v2\/pages\/15\/revisions"}],"predecessor-version":[{"id":86,"href":"https:\/\/residencenosylonjo-diegosuarez.com\/index.php\/wp-json\/wp\/v2\/pages\/15\/revisions\/86"}],"wp:featuredmedia":[{"embeddable":true,"href":"https:\/\/residencenosylonjo-diegosuarez.com\/index.php\/wp-json\/wp\/v2\/media\/32"}],"wp:attachment":[{"href":"https:\/\/residencenosylonjo-diegosuarez.com\/index.php\/wp-json\/wp\/v2\/media?parent=15"}],"curies":[{"name":"wp","href":"https:\/\/api.w.org\/{rel}","templated":true}]}}